 22950?
2
What is the ten thousands digit of 68341?
6
What is the ten thousands digit of 95026?
9
What is the units digit of 6837?
7
What is the units digit of 23474?
4
What is the hundreds digit of 9623?
6
What is the hundred thousands digit of 166908?
1
What is the ten thousands digit of 144288?
4
What is the units digit of 3110?
0
What is the units digit of 5693?
3
What is the units digit of 2681?
1
What is the thousands digit of 12642?
2
What is the units digit of 600?
0
What is the units digit of 139794?
4
What is the thousands digit of 47264?
7
What is the hundreds digit of 44184?
1
What is the units digit of 10816?
6
What is the hundreds digit of 569?
5
What is the hundreds digit of 68063?
0
What is the ten thousands digit of 46844?
4
What is the thousands digit of 1275?
1
What is the tens digit of 4100?
0
What is the hundreds digit of 23316?
3
What is the units digit of 13782?
2
What is the thousands digit of 9045?
9
What is the units digit of 3850?
0
What is the hundreds digit of 154322?
3
What is the thousands digit of 60412?
0
What is the hundreds digit of 2400?
4
What is the units digit of 80006?
6
What is the hundreds digit of 2875?
8
What is the units digit of 89813?
3
What is the units digit of 303?
3
What is the hundreds digit of 1188?
1
What is the hundreds digit of 9497?
4
What is the units digit of 2973?
3
What is the thousands digit of 4559?
4
What is the ten thousands digit of 33871?
3
What is the tens digit of 1860?
6
What is the hundreds digit of 38915?
9
What is the tens digit of 3117?
1
What is the hundreds digit of 815?
8
What is the tens digit of 52970?
7
What is the tens digit of 77?
7
What is the units digit of 6266?
6
What is the units digit of 1138?
8
What is the thousands digit of 7733?
7
What is the units digit of 914?
4
What is the tens digit of 9850?
5
What is the hundreds digit of 44027?
0
What is the hundreds digit of 18008?
0
What is the thousands digit of 28812?
8
What is the hundreds digit of 582?
5
What is the tens digit of 703?
0
What is the units digit of 3415?
5
What is the ten thousands digit of 11790?
1
What is the tens digit of 2021?
2
What is the thousands digit of 2413?
2
What is the tens digit of 8241?
4
What is the hundreds digit of 2399?
3
What is the thousands digit of 34154?
4
What is the hundreds digit of 998?
9
What is the hundreds digit of 1095?
0
What is the ten thousands digit of 10976?
1
What is the units digit of 1983?
3
What is the tens digit of 155?
5
What is the hundreds digit of 719?
7
What is the thousands digit of 19669?
9
What is the tens digit of 2729?
2
What is the thousands digit of 26567?
6
What is the units digit of 742?
2
What is the tens digit of 7448?
4
What is the ten thousands digit of 65881?
6
What is the tens digit of 6541?
4
What is the tens digit of 3648?
4
What is the thousands digit of 5471?
5
What is the tens digit of 2149?
4
What is the hundreds digit of 50557?
5
What is the hundreds digit of 4513?
5
What is the thousands digit of 19544?
9
What is the ten thousands digit of 10426?
1
What is the tens digit of 67337?
3
What is the hundreds digit of 1974?
9
What is the hundreds digit of 13860?
8
What is the tens digit of 1054?
5
What is the tens digit of 8812?
1
What is the tens digit of 3451?
5
What is the units digit of 19300?
0
What is the hundreds digit of 4717?
7
What is the units digit of 777?
7
What is the thousands digit of 1267?
1
What is the hundreds digit of 3017?
0
What is the tens digit of 3911?
1
What is the units digit of 304?
4
What is the tens digit of 8528?
2
What is the thousands digit of 2233?
2
What is the tens digit of 3013?
1
What is the hundreds digit of 57650?
6
What is the ten thousands digit of 66754?
6
What is the ten thousands digit of 161283?
6
What is the hundreds digit of 23909?
9
What is the ten thousands digit of 30907?
3
What is the hundreds digit of 8371?
3
What is the units digit of 19767?
7
What is the tens digit of 228?
2
What is the tens digit of 501?
0
What is the hundreds digit of 3899?
8
What is the thousands digit of 33741?
3
What is the hundreds digit of 397?
3
What is the hundreds digit of 1300?
3
What is the thousands digit of 3087?
3
What is the thousands digit of 2290?
2
What is the units digit of 4240?
0
What is the thousands digit of 1998?
1
What is the units digit of 2044?
4
What is the tens digit of 125223?
2
What is the hundreds digit of 8191?
1
What is the hundreds digit of 9604?
6
What is the thousands digit of 72316?
2
What is the hundreds digit of 7895?
8
What is the tens digit of 6206?
0
What is the units digit of 4620?
0
What is the tens digit of 1018?
1
What is the hundreds digit of 21647?
6
What is the hundreds digit of 942?
9
What is the hundreds digit of 25523?
5
What is the thousands digit of 11349?
1
What is the thousands digit of 15150?
5
What is the units digit of 2266?
6
What is the tens digit of 729?
2
What is the thousands digit of 2364?
2
What is the hundreds digit of 663?
6
What is the units digit of 1507?
7
What is the units digit of 3080?
0
What is the tens digit of 467?
6
What is the hundreds digit of 1848?
8
What is the hundreds digit of 342?
3
What is the thousands digit of 9015?
9
What is the thousands digit of 10381?
0
What is the tens digit of 3431?
3
What is the thousands digit of 3321?
3
What is the tens digit of 311?
1
What is the units digit of 259?
9
What is the units digit of 5556?
6
What is the ten thousands digit of 32889?
3
What is the tens digit of 36513?
1
What is the hundreds digit of 3477?
4
What is the units digit of 971?
1
What is the thousands digit of 15346?
5
What is the tens digit of 10800?
0
What is the hundreds digit of 3847?
8
What is the units digit of 39661?
1
What is the tens digit of 18765?
6
What is the tens digit of 7088?
8
What is the tens digit of 44449?
4
What is the hundred thousands digit of 134032?
1
What is the hundreds digit of 59330?
3
What is the thousands digit of 22501?
2
What is the tens digit of 144919?
1
What is the ten thousands digit of 87354?
8
What is the hundreds digit of 385?
3
What is the hundreds digit of 41842?
8
What is the hundreds digit of 49296?
2
What is the hundreds digit of 5130?
1
What is the ten thousands digit of 10199?
1
What is the units digit of 4996?
6
What is the units digit of 7048?
8
What is the hundreds digit of 171?
1
What is the units digit of 7713?
3
What is the tens digit of 1559?
5
What is the hundreds digit of 11261?
2
What is the thousands digit of 3239?
3
What is the ten thousands digit of 74651?
7
What is the hundreds digit of 356?
3
What is the tens digit of 24069?
6
What is the tens digit of 939?
3
What is the units digit of 694?
4
What is the units digit of 69979?
9
What is the thousands digit of 1149?
1
What is the thousands digit of 139044?
9
What is the ten thousands digit of 12072?
1
What is the tens digit of 7342?
4
What is the units digit of 48101?
1
What is the ten thousands digit of 76435?
7
What is the units digit of 11660?
0
What is the units digit of 27109?
9
What is the ten thousands digit of 14214?
1
What is the tens digit of 90366?
6
What is the thousands digit of 7807?
7
What is the tens digit of 99484?
8
What is the units digit of 49?
9
What is the tens digit of 1347?
4
What is the tens digit of 4896?
9
What is the hundreds digit of 151?
1
What is the ten thousands digit of 74856?
7
What is the thousands digit of 6310?
6
What is the tens digit of 22689?
8
What is the tens digit of 97378?
7
What is the thousands digit of 6340?
6
What is the hundreds digit of 10549?
5
What is the units digit of 11180?
0
What is the hundreds digit of 21921?
9
What is the hundreds digit of 2041?
0
What is the ten thousands digit of 18964?
1
What is the ten thousands digit of 34788?
3
What is the tens digit of 991?
9
What is the thousands digit of 1692?
1
What is the thousands digit of 17289?
7
What is the tens digit of 1415?
1
What is the tens digit of 30639?
3
What is the units digit of 116240?
0
What is the thousands digit of 10219?
0
What is the tens digit of 8771?
7
What is the ten thousands digit of 23622?
2
What is the tens digit of 7726?
2
What is the thousands digit of 29022?
9
What is the thousands digit of 75149?
5
What is the tens digit of 3046?
4
What is the hundreds digit of 2869?
8
What i